*k. Suppose a*o + 65 = o. Is o prime?
False
Let w(y) be the first derivative of -y**4/4 - 2*y**3 + 5*y**2 - 7*y + 2. Let o be w(-8). Suppose o = -5*i + 206. Is i a composite number?
True
Let o(h) = -h**2 + 6*h - 5. Let z be o(3). Suppose -j + z*j = 33. Is j a composite number?
False
Suppose 343 = 4*z - 285. Is z a composite number?
False
Suppose -6 = z + 2*g, 0 = z + 3*g + 2 + 7. Is (z - -57)/(12/8) composite?
True
Suppose 2*o + 3*o - 2*r = 74, -3*r = -o + 20. Is o a prime number?
False
Let d(w) = 18*w + 39*w + 1 - 8. Is d(6) a prime number?
False
Suppose -3*s - s + 436 = 0. Let n = -56 + s. Is n a prime number?
True
Suppose -3*a + 2 = -7. Suppose 5*b = -h + 11, -b = a*b + 3*h. Suppose b*s = -3*j + 258, s = 3 - 2. Is j composite?
True
Suppose -4*w + 1749 + 2031 = t, w + 4*t = 930. Suppose 64 + w = 2*l. Is l composite?
True
Let z(o) = -o - 8. Let q be (0 - 2)*(-21)/(-6). Let p be z(q). Is 11 - (p - 6/(-3)) a composite number?
True
Let f(w) = 2*w**3 + w**2 + 9*w - 13. Is f(5) prime?
True
Let g = 5 + 0. Suppose 0*v + 5*r + 147 = v, -g*v = 4*r - 619. Is v a prime number?
True
Let c(h) = -2*h**3 - 5*h**2 - 4*h + 28. Is c(-11) a composite number?
False
Suppose s = -s + 3992. Suppose h - s = -3*h. Is h prime?
True
Let q be 7 + ((-4)/(-2) - 2). Let a(k) = k - 6. Let n be a(q). Is 36 - -6*n/(-2) a prime number?
False
Is (-4)/5 + (-29826)/(-45) a prime number?
False
Let t(y) = -4*y + 1. Suppose -17 - 3 = 2*q. Let n be t(q). Suppose n = -2*h + 115. Is h prime?
True
Suppose 0 = -4*j + 2267 + 273. Is j a prime number?
False
Suppose 2*u - u = 5*g - 14, g = 3*u. Let n = 0 + g. Is -14*-7*n/6 composite?
True
Let v = 190 - 34. Suppose -2*p + 214 = -v. Suppose -2*x - 55 = -p. Is x a composite number?
True
Let m = -38 + 23. Let y = 94 - m. Is y a prime number?
True
Suppose 3*w - 2*g - 18 - 26 = 0, 0 = 4*w - 3*g - 58. Let t be -40*10/w*-2. Suppose t = -2*r + 156. Is r prime?
True
Suppose -5*m + 155 = -4*m. Is m a prime number?
False
Suppose 2*h - p - 70 = 0, 4*p = -2*h - 17 + 77. Is h composite?
True
Let v = -653 - -1050. Is v a prime number?
True
Let u(c) = 52*c**3 + 2*c**2 - 1. Is u(1) a composite number?
False
Let v(f) = -39*f + 19. Is v(-14) prime?
False
Is -2 - (0 + 1 - 54) a prime number?
False
Let j = 48 - 28. Suppose 0 = 5*r - j - 225. Is r composite?
True
Is (4/12)/((-4)/(-1356)) a prime number?
True
Suppose 0 = -f + 3*g - 8*g + 1038, -4*g + 2082 = 2*f. Is f composite?
True
Let t = 1301 + -760. Is t composite?
False
Let i = 40 - 21. Let j = i - -2. Is j composite?
True
Suppose u + 0*u = l - 9029, 0 = 2*l - u - 18058. Is l composite?
False
Let z(o) = 8*o - 1. Let i be z(1). Suppose -5*s = -i*s + 254. Is s a composite number?
False
Let s be 3*1/3 - -210. Suppose 0*b - b + s = 0. Is b prime?
True
Suppose 104 - 12 = 3*y + 4*w, 4*w - 64 = -2*y. Let m = y + -7. Is m prime?
False
Suppose 0 = 2*a - 12 - 44. Let n be a/(-21)*(-3)/2. Let o = n + 1. Is o prime?
True
Let j = 13 + 1. Suppose j = -2*d - 2*a - a, -d + 15 = -4*a. Is (0 - d) + (0 - -36) composite?
False
Let a be 0/(7/(7/(-2))). Suppose a*j + 18 = 3*j. Is (-1)/3 + 740/j a composite number?
True
Let j(u) = -19*u + 24. Let i(y) = -5*y + 3. Let q be i(2). Is j(q) composite?
False
Suppose 5*m - 1057 = 3*y, -y + 1025 = 5*m + 4*y. Is m a prime number?
False
Let v(a) = 119*a**2 + 4*a - 8. Is v(9) composite?
True
Let j(w) = -29*w + 3. Let q be j(2). Let c = 68 - q. Is c prime?
False
Suppose -4*a - 4*q = 0, 4*a = -0*a + 2*q. Let v be (a - 1)/(2/(-22)). Let l = v + 56. Is l prime?
True
Let r(y) = -y**2 - 21*y - 15. Is r(-19) a prime number?
True
Suppose 397 = 5*l + 52. Is l composite?
True
Let t(d) = -d**2 + 5*d - 3. Let n be t(3). Is 308 - 1/n*3 composite?
False
Let x = 95 + 82. Is x a composite number?
True
Let y be ((-1)/2)/((-1)/(-28)). Let j be (0 - 7)*4/y. Suppose -3*d + 0*b - j*b = -159, -3*b = 4*d - 212. Is d a composite number?
False
Suppose -k - 5*b = -429, -2*k + 3*b - 141 + 1025 = 0. Is k a prime number?
True
Suppose 2*a - r + 15 = 6*a, -2*r = 2. Let d be (-11)/2*(-19 + 15). Let z = a + d. Is z a composite number?
True
Suppose -a - 5957 = -8*a. Is a a composite number?
True
Let g(w) = -w**2 - 7*w - 2. Let b be g(-6). Suppose 2*i - b*i + 254 = 0. Is i composite?
False
Let c(n) = 6*n**2 + 16*n + 1. Is c(-18) prime?
True
Let h(l) = -6*l**3 + l**2 + 4*l - 5. Is h(-4) a composite number?
False
Let b(d) = d**2. Let p(r) = -4*r**2 + r - 179. Let h(u) = -5*b(u) - p(u). Is h(0) composite?
False
Let y(i) be the first derivative of i**4/4 + 16*i**3/3 + 9*i**2 - 13*i + 3. Is y(-14) a composite number?
False
Suppose z + o = 0, 2*z + 15 = 4*z - 3*o. Is 5*z/(-15)*-14 a composite number?
True
Let g = 22 + -12. Let f(u) = -19*u - 1 + g*u - 3 - 12*u. Is f(-3) a composite number?
False
Suppose -5*k + 0*i = -2*i - 49, 13 = k - 2*i. Suppose -4*t + k = -3. Is (2/(-6))/(t/(-117)) composite?
False
Let r be (-3)/(-2) + (-2)/(-4). Suppose 4 = r*g - 2, -5*i + 277 = 4*g. Let k = 76 - i. Is k composite?
False
Let f(v) = 746*v - 1. Is f(1) a prime number?
False
Suppose 4*j - 1882 = 2*m, -4*j + 2380 = -3*m + 495. Is j composite?
True
Let k(s) = s**2 - 6*s - 5. Let g = 11 + -17. Is k(g) composite?
False
Let k(l) = -2 - 6*l - 3*l - 4. Is k(-13) a prime number?
False
Suppose -t + u + 28 = 0, -4*t = 2*u - 10 - 72. Is t composite?
False
Let p be (12/(-15))/(2/(-25)). Let g = p + -3. Is 2/(g - 1)*6 composite?
False
Let v = -5 - -3. Let a(u) = -u**2 - 5*u - 1. Let z be a(v). Suppose -2*p + 100 = -5*d, -d = z*p - 197 - 80. Is p prime?
False
Let g(y) = -y**3 - 16*y**2 - y - 10. Let i be g(-16). Suppose b + 635 = i*b. Is b prime?
True
Suppose -4*n + 53 = -g, -4*g + 2*n - 188 = -2*n. Is 4/(-18) + (-2125)/g a prime number?
True
Let z be ((-8)/(-12))/(2/(-9)). Let y = 2 - z. Suppose 3*f + 3*t + 121 = 5*f, -5*f - y*t = -240. Is f composite?
False
Suppose -3*p - h = -2515, 5*h - 1625 = -2*p + 56. Is p a composite number?
True
Let a = -4202 + 6859. Is a a composite number?
False
Let t = 386 - 55. Is t composite?
False
Let v(y) = 30*y - 3. Let g = -5 + 7. Let b be v(g). Suppose 0 = l - 4*m - 37 + 4, 5*m + b = 2*l. Is l prime?
False
Suppose 1828 = -q + 5*q. Is q composite?
False
Let c(a) = 424*a**3 - a**2 - a. Let m be c(-1). Let o = 641 + m. Is o a prime number?
False
Let d be (-83 + 0)/((-1)/3). Suppose 5*q - d = -3*l, -4*l + 5*l - 83 = -4*q. Suppose c + 1 - l = 0. Is c a composite number?
True
Suppose -610 - 855 = -5*t. Suppose 282 = 5*s - t. Is s composite?
True
Suppose 2*a = 8*a - 7950. Suppose v - a = -4*v. Is v composite?
True
Suppose -47 = -5*b - 12. Suppose 4*y - b*y + 627 = 0. Is y a prime number?
False
Let r(u) = -u**3 + 12*u**2 - 2*u - 13. Let d be r(9). Let f = -85 + d. Is f a composite number?
False
Suppose 0 = 5*f - 2*b - 48, -3*f - b + 4 = -2*f. Suppose 2*z = f - 0. Suppose -z*d - d = -35. Is d prime?
True
Suppose 9*s - 6944 = 2983. Is s prime?
True
Let n(x) = -52*x**2 - 2*x + 1. Let d(w) = -51*w**2 - 3*w + 1. Let t(c) = 2*d(c) - 3*n(c). Is t(-2) a composite number?
True
Let r = 3 - 2. Let d(s) = -r - 3*s - s - 4*s. Is d(-7) a prime number?
False
Is 2/(4/(-3) + 10280/7620) a composite number?
False
Let t be (-22)/(-26) - 6/(-39). Let s(l) = 146*l**2 + 2*l - 1. Let q be s(t). Let b = 224 - q. Is b composite?
True
Suppose 2*l - 205 = -3*l. Let j = l - 28. Is j prime?
True
Let w(t) = -t**2 - 10*t. Let v be w(-10). Suppose v = -u + 89. Is u a prime number?
True
Let x(w) = -11*w**3 + 4*w**2 + 4*w + 1. Is x(-2) a composite number?
False
Let i(o) = o + 11. Let m be i(-6). Let h be m + -4 - 4/(-2). Suppose -2*d = h*d - 185. Is d a prime number?
True
Let b = -296 - -507. Is b a prime number?
True
Let p(i) be the second derivative of i**5/4 - 5*i**4/12 - i**3/2 - 2*i**2 + 4*i. Is p(5) a composite number?
True
Is (1588/(-6))/((-2)/3) a composite number?
False
Let k = 8 - 3. Is (k + -1)/(-4)*-35 a prime number?
False
Let t = 12 + -9. Suppose 6*w - 440 = w. Suppose w = t*u + u. Is u composite?
True
Let s(o) = -o**2 + 1 + 5*o + 0 - 2. Let g be s(4). Suppose -3*t + 265 = -2*j, -3*t - t + g*j = -353. Is t composite?
False
Let t(o) = -3*o**3 - 1. Let z be t(1). Let r = -4 - z. Suppose 5*v = 2*c + 8 + 569, r = -4*v - 2*c + 458. Is v composite?
True
Suppose v = -2*i - 3*i - 16, 2*i = v - 12. Suppose -4*g - 3*t + 749 = 0, -v*g + 2*t = -1065 + 291. Is 